{"id":64,"date":"2021-08-29T02:58:12","date_gmt":"2021-08-29T02:58:12","guid":{"rendered":"https:\/\/wpocean.com\/wp\/canun\/?page_id=64"},"modified":"2025-07-04T22:09:28","modified_gmt":"2025-07-04T22:09:28","slug":"hakkimda","status":"publish","type":"page","link":"https:\/\/fatihsen.av.tr\/index.php\/hakkimda\/","title":{"rendered":"Hakk\u0131mda"},"content":{"rendered":"\t\t<div data-elementor-type=\"wp-page\" data-elementor-id=\"64\" class=\"elementor elementor-64\">\n\t\t\t\t\t\t<section class=\"elementor-section elementor-top-section elementor-element elementor-element-6a5e24d elementor-section-full_width elementor-section-height-default elementor-section-height-default\" data-id=\"6a5e24d\" data-element_type=\"section\" data-settings=\"{&quot;background_background&quot;:&quot;classic&quot;}\">\n\t\t\t\t\t\t<div class=\"elementor-container elementor-column-gap-no\">\n\t\t\t\t\t<div class=\"elementor-column elementor-col-100 elementor-top-column elementor-element elementor-element-7a5c5f1\" data-id=\"7a5c5f1\" data-element_type=\"column\">\n\t\t\t<div class=\"elementor-widget-wrap elementor-element-populated\">\n\t\t\t\t\t\t<div class=\"elementor-element elementor-element-d1ac998 elementor-widget elementor-widget-wpo-canun_about\" data-id=\"d1ac998\" data-element_type=\"widget\" data-settings=\"{&quot;signeture_image&quot;:{&quot;url&quot;:&quot;&quot;,&quot;id&quot;:&quot;&quot;,&quot;size&quot;:&quot;&quot;,&quot;alt&quot;:&quot;&quot;,&quot;source&quot;:&quot;library&quot;},&quot;about_image&quot;:{&quot;url&quot;:&quot;https:\\\/\\\/fatihsen.av.tr\\\/wp-content\\\/uploads\\\/2025\\\/05\\\/fatih-1.webp&quot;,&quot;id&quot;:1084,&quot;size&quot;:&quot;&quot;,&quot;alt&quot;:&quot;&quot;,&quot;source&quot;:&quot;library&quot;}}\" data-widget_type=\"wpo-canun_about.default\">\n\t\t\t\t<div class=\"elementor-widget-container\">\n\t\t\t\t\t\n\t\t\t\t\t<div class=\"wpo-about-section\">\n\t\t\t\t<div class=\"container\">\n\t\t\t\t\t<div class=\"wpo-about-section-wrapper\">\n\t\t\t\t\t\t<div class=\"row align-items-center\">\n\t\t\t\t\t\t\t<div class=\"col-lg-5 col-md-12 col-12\">\n\t\t\t\t\t\t\t\t<div class=\"wpo-about-img\">\n\t\t\t\t\t\t\t\t\t<img decoding=\"async\" class=\"img-responlsive\" src=\"https:\/\/fatihsen.av.tr\/wp-content\/uploads\/2025\/05\/fatih-1.webp\" alt=\"\">\t\t\t\t\t\t\t\t<\/div>\n\t\t\t\t\t\t\t<\/div>\n\t\t\t\t\t\t\t<div class=\"col-lg-7 col-md-12 col-12\">\n\t\t\t\t\t\t\t\t<div class=\"wpo-about-content\">\n\t\t\t\t\t\t\t\t\t<div class=\"wpo-section-title\">\n\t\t\t\t\t\t\t\t\t\t<h2>Her Ad\u0131mda Yan\u0131n\u0131zday\u0131z, Hakk\u0131n\u0131z\u0131 Savunmak \u0130\u00e7in \u00c7al\u0131\u015f\u0131yoruz, \u00c7\u00fcnk\u00fc Adalet Hepimizin Hakk\u0131d\u0131r.<\/h2>\t\t\t\t\t\t\t\t\t<\/div>\n\t\t\t\t\t\t\t\t\t<div class=\"wpo-about-content-inner\">\n\t\t\t\t\t\t\t\t\t\t<p>Avukat M. Fatih \u015een, \u0130zmir Barosu\u2019na kay\u0131tl\u0131 olup, hukuk e\u011fitimini Dokuz Eyl\u00fcl \u00dcniversitesi Hukuk Fak\u00fcltesi\u2019nde tamamlam\u0131\u015ft\u0131r. 2021 y\u0131l\u0131nda ba\u015flad\u0131\u011f\u0131 mesleki faaliyetlerini ba\u015fta gayrimenkul hukuku, ceza hukuku ve ticaret hukuku olmak \u00fczere \u00e7e\u015fitli hukuk dallar\u0131nda s\u00fcrd\u00fcrmektedir.<\/p><p>Ger\u00e7ek ve t\u00fczel ki\u015filere y\u00f6nelik dava ve dan\u0131\u015fmanl\u0131k s\u00fcre\u00e7lerinde, m\u00fcvekkillerinin hak ve menfaatlerini en etkin \u015fekilde korumay\u0131 hedeflemektedir. Dava y\u00f6netiminde titiz haz\u0131rl\u0131k, \u015feffaf bilgilendirme ve g\u00fcncel mevzuata uygun strateji geli\u015ftirme ilkelerini benimsemektedir.<\/p><p>\u00c7al\u0131\u015fmalar\u0131n\u0131, m\u00fcvekkil odakl\u0131, \u00e7\u00f6z\u00fcm ve sonu\u00e7 odakl\u0131 bir yakla\u015f\u0131mla y\u00fcr\u00fctmekte; her a\u015famada g\u00fcvenilir ve ula\u015f\u0131labilir bir hukuk hizmeti sunmay\u0131 mesleki sorumlulu\u011funun ayr\u0131lmaz bir par\u00e7as\u0131 olarak g\u00f6rmektedir.<\/p>\t\t\t\t\t\t\t\t\t\t<div class=\"signeture\">\n\t\t\t\t\t\t\t\t\t\t\t<h4>M.Fatih \u015eEN<\/h4><p>Avukat<\/p>\t\t\t\t\t\t\t\t\t\t\t<span>\n\t\t\t\t\t\t\t\t\t\t\t\t\t\t\t\t\t\t\t\t\t\t\t<\/span>\n\t\t\t\t\t\t\t\t\t\t<\/div>\n\t\t\t\t\t\t\t\t\t<\/div>\n\t\t\t\t\t\t\t\t<\/div>\n\t\t\t\t\t\t\t<\/div>\n\t\t\t\t\t\t<\/div>\n\t\t\t\t\t<\/div>\n\t\t\t\t<\/div>\n\t\t\t<\/div>\n\t\t\t\t<\/div>\n\t\t\t\t<\/div>\n\t\t\t\t\t<\/div>\n\t\t<\/div>\n\t\t\t\t\t<\/div>\n\t\t<\/section>\n\t\t\t\t<\/div>\n\t\t","protected":false},"excerpt":{"rendered":"Her Ad\u0131mda Yan\u0131n\u0131zday\u0131z, Hakk\u0131n\u0131z\u0131 Savunmak \u0130\u00e7in \u00c7al\u0131\u015f\u0131yoruz, \u00c7\u00fcnk\u00fc Adalet Hepimizin Hakk\u0131d\u0131r. Avukat M. Fatih \u015een, \u0130zmir Barosu\u2019na kay\u0131tl\u0131 olup, hukuk e\u011fitimini Dokuz Eyl\u00fcl \u00dcniversitesi Hukuk Fak\u00fcltesi\u2019nde tamamlam\u0131\u015ft\u0131r. 2021 y\u0131l\u0131nda ba\u015flad\u0131\u011f\u0131 mesleki faaliyetlerini ba\u015fta gayrimenkul hukuku, ceza hukuku ve ticaret hukuku olmak \u00fczere \u00e7e\u015fitli hukuk dallar\u0131nda s\u00fcrd\u00fcrmektedir. Ger\u00e7ek ve t\u00fczel ki\u015filere y\u00f6nelik dava ve dan\u0131\u015fmanl\u0131k s\u00fcre\u00e7lerinde, ","protected":false},"author":1,"featured_media":0,"parent":0,"menu_order":0,"comment_status":"closed","ping_status":"closed","template":"elementor_header_footer","meta":{"footnotes":""},"class_list":["post-64","page","type-page","status-publish","hentry"],"yoast_head":"<!-- This site is optimized with the Yoast SEO plugin v25.5 - https:\/\/yoast.com\/wordpress\/plugins\/seo\/ -->\n<title>Hakk\u0131mda - Fatih Sen Hukuk<\/title>\n<meta name=\"robots\" content=\"index, follow, max-snippet:-1, max-image-preview:large, max-video-preview:-1\" \/>\n<link rel=\"canonical\" href=\"https:\/\/fatihsen.av.tr\/index.php\/hakkimda\/\" \/>\n<meta property=\"og:locale\" content=\"tr_TR\" \/>\n<meta property=\"og:type\" content=\"article\" \/>\n<meta property=\"og:title\" content=\"Hakk\u0131mda - Fatih Sen Hukuk\" \/>\n<meta property=\"og:description\" content=\"Her Ad\u0131mda Yan\u0131n\u0131zday\u0131z, Hakk\u0131n\u0131z\u0131 Savunmak \u0130\u00e7in \u00c7al\u0131\u015f\u0131yoruz, \u00c7\u00fcnk\u00fc Adalet Hepimizin Hakk\u0131d\u0131r. Avukat M. Fatih \u015een, \u0130zmir Barosu\u2019na kay\u0131tl\u0131 olup, hukuk e\u011fitimini Dokuz Eyl\u00fcl \u00dcniversitesi Hukuk Fak\u00fcltesi\u2019nde tamamlam\u0131\u015ft\u0131r. 2021 y\u0131l\u0131nda ba\u015flad\u0131\u011f\u0131 mesleki faaliyetlerini ba\u015fta gayrimenkul hukuku, ceza hukuku ve ticaret hukuku olmak \u00fczere \u00e7e\u015fitli hukuk dallar\u0131nda s\u00fcrd\u00fcrmektedir. Ger\u00e7ek ve t\u00fczel ki\u015filere y\u00f6nelik dava ve dan\u0131\u015fmanl\u0131k s\u00fcre\u00e7lerinde,\" \/>\n<meta property=\"og:url\" content=\"https:\/\/fatihsen.av.tr\/index.php\/hakkimda\/\" \/>\n<meta property=\"og:site_name\" content=\"Fatih Sen Hukuk\" \/>\n<meta property=\"article:modified_time\" content=\"2025-07-04T22:09:28+00:00\" \/>\n<meta property=\"og:image\" content=\"https:\/\/fatihsen.av.tr\/wp-content\/uploads\/2025\/05\/fatih-1.webp\" \/>\n<meta name=\"twitter:card\" content=\"summary_large_image\" \/>\n<meta name=\"twitter:label1\" content=\"Tahmini okuma s\u00fcresi\" \/>\n\t<meta name=\"twitter:data1\" content=\"1 dakika\" \/>\n<script type=\"application\/ld+json\" class=\"yoast-schema-graph\">{\"@context\":\"https:\/\/schema.org\",\"@graph\":[{\"@type\":\"WebPage\",\"@id\":\"https:\/\/fatihsen.av.tr\/index.php\/hakkimda\/\",\"url\":\"https:\/\/fatihsen.av.tr\/index.php\/hakkimda\/\",\"name\":\"Hakk\u0131mda - Fatih Sen Hukuk\",\"isPartOf\":{\"@id\":\"https:\/\/fatihsen.av.tr\/#website\"},\"primaryImageOfPage\":{\"@id\":\"https:\/\/fatihsen.av.tr\/index.php\/hakkimda\/#primaryimage\"},\"image\":{\"@id\":\"https:\/\/fatihsen.av.tr\/index.php\/hakkimda\/#primaryimage\"},\"thumbnailUrl\":\"https:\/\/fatihsen.av.tr\/wp-content\/uploads\/2025\/05\/fatih-1.webp\",\"datePublished\":\"2021-08-29T02:58:12+00:00\",\"dateModified\":\"2025-07-04T22:09:28+00:00\",\"breadcrumb\":{\"@id\":\"https:\/\/fatihsen.av.tr\/index.php\/hakkimda\/#breadcrumb\"},\"inLanguage\":\"tr\",\"potentialAction\":[{\"@type\":\"ReadAction\",\"target\":[\"https:\/\/fatihsen.av.tr\/index.php\/hakkimda\/\"]}]},{\"@type\":\"ImageObject\",\"inLanguage\":\"tr\",\"@id\":\"https:\/\/fatihsen.av.tr\/index.php\/hakkimda\/#primaryimage\",\"url\":\"https:\/\/fatihsen.av.tr\/wp-content\/uploads\/2025\/05\/fatih-1.webp\",\"contentUrl\":\"https:\/\/fatihsen.av.tr\/wp-content\/uploads\/2025\/05\/fatih-1.webp\",\"width\":600,\"height\":760},{\"@type\":\"BreadcrumbList\",\"@id\":\"https:\/\/fatihsen.av.tr\/index.php\/hakkimda\/#breadcrumb\",\"itemListElement\":[{\"@type\":\"ListItem\",\"position\":1,\"name\":\"Home\",\"item\":\"https:\/\/fatihsen.av.tr\/\"},{\"@type\":\"ListItem\",\"position\":2,\"name\":\"Hakk\u0131mda\"}]},{\"@type\":\"WebSite\",\"@id\":\"https:\/\/fatihsen.av.tr\/#website\",\"url\":\"https:\/\/fatihsen.av.tr\/\",\"name\":\"Fatih Sen Hukuk\",\"description\":\"\",\"publisher\":{\"@id\":\"https:\/\/fatihsen.av.tr\/#organization\"},\"potentialAction\":[{\"@type\":\"SearchAction\",\"target\":{\"@type\":\"EntryPoint\",\"urlTemplate\":\"https:\/\/fatihsen.av.tr\/?s={search_term_string}\"},\"query-input\":{\"@type\":\"PropertyValueSpecification\",\"valueRequired\":true,\"valueName\":\"search_term_string\"}}],\"inLanguage\":\"tr\"},{\"@type\":\"Organization\",\"@id\":\"https:\/\/fatihsen.av.tr\/#organization\",\"name\":\"Fatih Sen Hukuk\",\"url\":\"https:\/\/fatihsen.av.tr\/\",\"logo\":{\"@type\":\"ImageObject\",\"inLanguage\":\"tr\",\"@id\":\"https:\/\/fatihsen.av.tr\/#\/schema\/logo\/image\/\",\"url\":\"https:\/\/fatihsen.av.tr\/wp-content\/uploads\/2025\/05\/ustlogo-1.webp\",\"contentUrl\":\"https:\/\/fatihsen.av.tr\/wp-content\/uploads\/2025\/05\/ustlogo-1.webp\",\"width\":150,\"height\":150,\"caption\":\"Fatih Sen Hukuk\"},\"image\":{\"@id\":\"https:\/\/fatihsen.av.tr\/#\/schema\/logo\/image\/\"}}]}<\/script>\n<!-- \/ Yoast SEO plugin. -->","yoast_head_json":{"title":"Hakk\u0131mda - Fatih Sen Hukuk","robots":{"index":"index","follow":"follow","max-snippet":"max-snippet:-1","max-image-preview":"max-image-preview:large","max-video-preview":"max-video-preview:-1"},"canonical":"https:\/\/fatihsen.av.tr\/index.php\/hakkimda\/","og_locale":"tr_TR","og_type":"article","og_title":"Hakk\u0131mda - Fatih Sen Hukuk","og_description":"Her Ad\u0131mda Yan\u0131n\u0131zday\u0131z, Hakk\u0131n\u0131z\u0131 Savunmak \u0130\u00e7in \u00c7al\u0131\u015f\u0131yoruz, \u00c7\u00fcnk\u00fc Adalet Hepimizin Hakk\u0131d\u0131r. Avukat M. Fatih \u015een, \u0130zmir Barosu\u2019na kay\u0131tl\u0131 olup, hukuk e\u011fitimini Dokuz Eyl\u00fcl \u00dcniversitesi Hukuk Fak\u00fcltesi\u2019nde tamamlam\u0131\u015ft\u0131r. 2021 y\u0131l\u0131nda ba\u015flad\u0131\u011f\u0131 mesleki faaliyetlerini ba\u015fta gayrimenkul hukuku, ceza hukuku ve ticaret hukuku olmak \u00fczere \u00e7e\u015fitli hukuk dallar\u0131nda s\u00fcrd\u00fcrmektedir. Ger\u00e7ek ve t\u00fczel ki\u015filere y\u00f6nelik dava ve dan\u0131\u015fmanl\u0131k s\u00fcre\u00e7lerinde,","og_url":"https:\/\/fatihsen.av.tr\/index.php\/hakkimda\/","og_site_name":"Fatih Sen Hukuk","article_modified_time":"2025-07-04T22:09:28+00:00","og_image":[{"url":"https:\/\/fatihsen.av.tr\/wp-content\/uploads\/2025\/05\/fatih-1.webp","type":"","width":"","height":""}],"twitter_card":"summary_large_image","twitter_misc":{"Tahmini okuma s\u00fcresi":"1 dakika"},"schema":{"@context":"https:\/\/schema.org","@graph":[{"@type":"WebPage","@id":"https:\/\/fatihsen.av.tr\/index.php\/hakkimda\/","url":"https:\/\/fatihsen.av.tr\/index.php\/hakkimda\/","name":"Hakk\u0131mda - Fatih Sen Hukuk","isPartOf":{"@id":"https:\/\/fatihsen.av.tr\/#website"},"primaryImageOfPage":{"@id":"https:\/\/fatihsen.av.tr\/index.php\/hakkimda\/#primaryimage"},"image":{"@id":"https:\/\/fatihsen.av.tr\/index.php\/hakkimda\/#primaryimage"},"thumbnailUrl":"https:\/\/fatihsen.av.tr\/wp-content\/uploads\/2025\/05\/fatih-1.webp","datePublished":"2021-08-29T02:58:12+00:00","dateModified":"2025-07-04T22:09:28+00:00","breadcrumb":{"@id":"https:\/\/fatihsen.av.tr\/index.php\/hakkimda\/#breadcrumb"},"inLanguage":"tr","potentialAction":[{"@type":"ReadAction","target":["https:\/\/fatihsen.av.tr\/index.php\/hakkimda\/"]}]},{"@type":"ImageObject","inLanguage":"tr","@id":"https:\/\/fatihsen.av.tr\/index.php\/hakkimda\/#primaryimage","url":"https:\/\/fatihsen.av.tr\/wp-content\/uploads\/2025\/05\/fatih-1.webp","contentUrl":"https:\/\/fatihsen.av.tr\/wp-content\/uploads\/2025\/05\/fatih-1.webp","width":600,"height":760},{"@type":"BreadcrumbList","@id":"https:\/\/fatihsen.av.tr\/index.php\/hakkimda\/#breadcrumb","itemListElement":[{"@type":"ListItem","position":1,"name":"Home","item":"https:\/\/fatihsen.av.tr\/"},{"@type":"ListItem","position":2,"name":"Hakk\u0131mda"}]},{"@type":"WebSite","@id":"https:\/\/fatihsen.av.tr\/#website","url":"https:\/\/fatihsen.av.tr\/","name":"Fatih Sen Hukuk","description":"","publisher":{"@id":"https:\/\/fatihsen.av.tr\/#organization"},"potentialAction":[{"@type":"SearchAction","target":{"@type":"EntryPoint","urlTemplate":"https:\/\/fatihsen.av.tr\/?s={search_term_string}"},"query-input":{"@type":"PropertyValueSpecification","valueRequired":true,"valueName":"search_term_string"}}],"inLanguage":"tr"},{"@type":"Organization","@id":"https:\/\/fatihsen.av.tr\/#organization","name":"Fatih Sen Hukuk","url":"https:\/\/fatihsen.av.tr\/","logo":{"@type":"ImageObject","inLanguage":"tr","@id":"https:\/\/fatihsen.av.tr\/#\/schema\/logo\/image\/","url":"https:\/\/fatihsen.av.tr\/wp-content\/uploads\/2025\/05\/ustlogo-1.webp","contentUrl":"https:\/\/fatihsen.av.tr\/wp-content\/uploads\/2025\/05\/ustlogo-1.webp","width":150,"height":150,"caption":"Fatih Sen Hukuk"},"image":{"@id":"https:\/\/fatihsen.av.tr\/#\/schema\/logo\/image\/"}}]}},"_links":{"self":[{"href":"https:\/\/fatihsen.av.tr\/index.php\/wp-json\/wp\/v2\/pages\/64","targetHints":{"allow":["GET"]}}],"collection":[{"href":"https:\/\/fatihsen.av.tr\/index.php\/wp-json\/wp\/v2\/pages"}],"about":[{"href":"https:\/\/fatihsen.av.tr\/index.php\/wp-json\/wp\/v2\/types\/page"}],"author":[{"embeddable":true,"href":"https:\/\/fatihsen.av.tr\/index.php\/wp-json\/wp\/v2\/users\/1"}],"replies":[{"embeddable":true,"href":"https:\/\/fatihsen.av.tr\/index.php\/wp-json\/wp\/v2\/comments?post=64"}],"version-history":[{"count":0,"href":"https:\/\/fatihsen.av.tr\/index.php\/wp-json\/wp\/v2\/pages\/64\/revisions"}],"wp:attachment":[{"href":"https:\/\/fatihsen.av.tr\/index.php\/wp-json\/wp\/v2\/media?parent=64"}],"curies":[{"name":"wp","href":"https:\/\/api.w.org\/{rel}","templated":true}]}}